{"id":54,"date":"2021-09-11T14:19:40","date_gmt":"2021-09-11T12:19:40","guid":{"rendered":"http:\/\/petitcuenot.fr\/constance\/?page_id=54"},"modified":"2021-10-17T19:28:16","modified_gmt":"2021-10-17T17:28:16","slug":"presentation","status":"publish","type":"page","link":"https:\/\/petitcuenot.fr\/constance\/?page_id=54","title":{"rendered":"Qui suis-je ?"},"content":{"rendered":"\n<p>(photo de moi en tenue) <\/p>\n\n\n\n<p>Mon parcours <\/p>\n\n\n\n<p>Aide-soignante de profession avec 2 ans d&#8217;exp\u00e9rience cumul\u00e9e en lieu de vie et en h\u00f4pital, le lien relationnel que j&#8217;ai cr\u00e9\u00e9 avec mes patients m\u2019apporte beaucoup au quotidien affinant mon sens de l&#8217;\u00e9coute et du prendre soin.   <\/p>\n\n\n\n<p>Dans les tumultes de la vie \u00e0 l&#8217;h\u00f4pital, je me suis rendue comptes qu\u2019il est aussi important de prendre du temps pour soi et de trouver son \u00e9quilibre pour ensuite pouvoir le redonner. Voil\u00e0 le secret pour prendre soin des autres.&nbsp;<\/p>\n\n\n\n<p>Apporter du r\u00e9confort aux autres s&#8217;est impos\u00e9 naturellement \u00e0 moi. Ma curiosit\u00e9 pour les d<\/p>\n\n\n\n<p>En d\u00e9couvrant les massages et les diff\u00e9rents univers qu\u2019ils nous permettent de c\u00f4toyer ainsi apportant r\u00e9confort et apaisement du corps et de l\u2019\u00e2me, le partager me correspond totalement. J\u2019aime ainsi offrir un temps de r\u00e9confort \u00e0 l\u2019autre.&nbsp;<\/p>\n\n\n\n<p>Passionn\u00e9e de voyage et des diff\u00e9rents cultures dans le monde, j\u2019ai beaucoup appris au Burkina Faso, a Taiwan ou encore en Italie, en Angleterre.&nbsp;<\/p>\n\n\n\n<p>Formations&nbsp;<\/p>\n\n\n\n<p>J\u2019ai &#8220;\u00e9tudi\u00e9 pendant 6 mois&#8221; \u00e0 la Colibri Massage Academy ou j\u2019ai pu obtenir ma certification en praticienne en massages thermes et spa. C\u2019est au c\u00f4t\u00e9 d\u2019Alessandro et Florian que j\u2019ai pu apprendre \u00e0 pratiquer les massages de fa\u00e7on professionnelle et d\u00e9velopper mon identit\u00e9 professionnelle.<\/p>\n\n\n\n<figure class=\"wp-block-image size-full is-resized\"><img loading=\"lazy\" src=\"https:\/\/petitcuenot.fr\/constance\/wp-content\/uploads\/2021\/10\/IMG_3162-2.jpg\" alt=\"\" class=\"wp-image-276\" width=\"195\" height=\"260\" srcset=\"https:\/\/petitcuenot.fr\/constance\/wp-content\/uploads\/2021\/10\/IMG_3162-2.jpg 508w, https:\/\/petitcuenot.fr\/constance\/wp-content\/uploads\/2021\/10\/IMG_3162-2-225x300.jpg 225w\" sizes=\"(max-width: 195px) 100vw, 195px\" \/><\/figure>\n\n\n\n<figure class=\"wp-block-image size-full is-resized\"><img loading=\"lazy\" src=\"https:\/\/petitcuenot.fr\/constance\/wp-content\/uploads\/2021\/10\/IMG_3171-1.jpg\" alt=\"\" class=\"wp-image-278\" width=\"192\" height=\"256\" srcset=\"https:\/\/petitcuenot.fr\/constance\/wp-content\/uploads\/2021\/10\/IMG_3171-1.jpg 768w, https:\/\/petitcuenot.fr\/constance\/wp-content\/uploads\/2021\/10\/IMG_3171-1-225x300.jpg 225w\" sizes=\"(max-width: 192px) 100vw, 192px\" \/><\/figure>\n\n\n\n<figure class=\"wp-block-image size-full is-resized\"><img loading=\"lazy\" src=\"https:\/\/petitcuenot.fr\/constance\/wp-content\/uploads\/2021\/10\/IMG_3643-1.jpg\" alt=\"\" class=\"wp-image-280\" width=\"192\" height=\"336\" srcset=\"https:\/\/petitcuenot.fr\/constance\/wp-content\/uploads\/2021\/10\/IMG_3643-1.jpg 575w, https:\/\/petitcuenot.fr\/constance\/wp-content\/uploads\/2021\/10\/IMG_3643-1-171x300.jpg 171w\" sizes=\"(max-width: 192px) 100vw, 192px\" \/><\/figure>\n\n\n\n<figure class=\"wp-block-image size-full is-resized\"><img loading=\"lazy\" src=\"https:\/\/petitcuenot.fr\/constance\/wp-content\/uploads\/2021\/10\/IMG_3166-1.jpg\" alt=\"\" class=\"wp-image-281\" width=\"196\" height=\"261\" srcset=\"https:\/\/petitcuenot.fr\/constance\/wp-content\/uploads\/2021\/10\/IMG_3166-1.jpg 508w, https:\/\/petitcuenot.fr\/constance\/wp-content\/uploads\/2021\/10\/IMG_3166-1-225x300.jpg 225w\" sizes=\"(max-width: 196px) 100vw, 196px\" \/><\/figure>\n\n\n\n<p><\/p>\n","protected":false},"excerpt":{"rendered":"<p>(photo de moi en tenue) Mon parcours Aide-soignante de profession avec 2 ans d&#8217;exp\u00e9rience cumul\u00e9e en lieu de vie et en h\u00f4pital, le lien relationnel que j&#8217;ai cr\u00e9\u00e9 avec mes patients m\u2019apporte beaucoup au quotidien affinant mon sens de l&#8217;\u00e9coute et du prendre soin. Dans les tumultes de la vie \u00e0 l&#8217;h\u00f4pital, je me suis &hellip; <\/p>\n<p class=\"link-more\"><a href=\"https:\/\/petitcuenot.fr\/constance\/?page_id=54\" class=\"more-link\">Continue reading<span class=\"screen-reader-text\"> &#8220;Qui suis-je ?&#8221;<\/span><\/a><\/p>\n","protected":false},"author":1,"featured_media":0,"parent":0,"menu_order":0,"comment_status":"closed","ping_status":"closed","template":"","meta":[],"_links":{"self":[{"href":"https:\/\/petitcuenot.fr\/constance\/index.php?rest_route=\/wp\/v2\/pages\/54"}],"collection":[{"href":"https:\/\/petitcuenot.fr\/constance\/index.php?rest_route=\/wp\/v2\/pages"}],"about":[{"href":"https:\/\/petitcuenot.fr\/constance\/index.php?rest_route=\/wp\/v2\/types\/page"}],"author":[{"embeddable":true,"href":"https:\/\/petitcuenot.fr\/constance\/index.php?rest_route=\/wp\/v2\/users\/1"}],"replies":[{"embeddable":true,"href":"https:\/\/petitcuenot.fr\/constance\/index.php?rest_route=%2Fwp%2Fv2%2Fcomments&post=54"}],"version-history":[{"count":7,"href":"https:\/\/petitcuenot.fr\/constance\/index.php?rest_route=\/wp\/v2\/pages\/54\/revisions"}],"predecessor-version":[{"id":282,"href":"https:\/\/petitcuenot.fr\/constance\/index.php?rest_route=\/wp\/v2\/pages\/54\/revisions\/282"}],"wp:attachment":[{"href":"https:\/\/petitcuenot.fr\/constance\/index.php?rest_route=%2Fwp%2Fv2%2Fmedia&parent=54"}],"curies":[{"name":"wp","href":"https:\/\/api.w.org\/{rel}","templated":true}]}}

<p>(photo de moi en tenue) </p>



<p>Mon parcours </p>



<p>Aide-soignante de profession avec 2 ans d&#8217;expérience cumulée en lieu de vie et en hôpital, le lien relationnel que j&#8217;ai créé avec mes patients m’apporte beaucoup au quotidien affinant mon sens de l&#8217;écoute et du prendre soin.   </p>



<p>Dans les tumultes de la vie à l&#8217;hôpital, je me suis rendue comptes qu’il est aussi important de prendre du temps pour soi et de trouver son équilibre pour ensuite pouvoir le redonner. Voilà le secret pour prendre soin des autres.&nbsp;</p>



<p>Apporter du réconfort aux autres s&#8217;est imposé naturellement à moi. Ma curiosité pour les d</p>



<p>En découvrant les massages et les différents univers qu’ils nous permettent de côtoyer ainsi apportant réconfort et apaisement du corps et de l’âme, le partager me correspond totalement. J’aime ainsi offrir un temps de réconfort à l’autre.&nbsp;</p>



<p>Passionnée de voyage et des différents cultures dans le monde, j’ai beaucoup appris au Burkina Faso, a Taiwan ou encore en Italie, en Angleterre.&nbsp;</p>



<p>Formations&nbsp;</p>



<p>J’ai &#8220;étudié pendant 6 mois&#8221; à la Colibri Massage Academy ou j’ai pu obtenir ma certification en praticienne en massages thermes et spa. C’est au côté d’Alessandro et Florian que j’ai pu apprendre à pratiquer les massages de façon professionnelle et développer mon identité professionnelle.</p>



<figure class="wp-block-image size-full is-resized"><img loading="lazy" src="https://petitcuenot.fr/constance/wp-content/uploads/2021/10/IMG_3162-2.jpg" alt="" class="wp-image-276" width="195" height="260" srcset="https://petitcuenot.fr/constance/wp-content/uploads/2021/10/IMG_3162-2.jpg 508w, https://petitcuenot.fr/constance/wp-content/uploads/2021/10/IMG_3162-2-225x300.jpg 225w" sizes="(max-width: 195px) 100vw, 195px" /></figure>



<figure class="wp-block-image size-full is-resized"><img loading="lazy" src="https://petitcuenot.fr/constance/wp-content/uploads/2021/10/IMG_3171-1.jpg" alt="" class="wp-image-278" width="192" height="256" srcset="https://petitcuenot.fr/constance/wp-content/uploads/2021/10/IMG_3171-1.jpg 768w, https://petitcuenot.fr/constance/wp-content/uploads/2021/10/IMG_3171-1-225x300.jpg 225w" sizes="(max-width: 192px) 100vw, 192px" /></figure>



<figure class="wp-block-image size-full is-resized"><img loading="lazy" src="https://petitcuenot.fr/constance/wp-content/uploads/2021/10/IMG_3643-1.jpg" alt="" class="wp-image-280" width="192" height="336" srcset="https://petitcuenot.fr/constance/wp-content/uploads/2021/10/IMG_3643-1.jpg 575w, https://petitcuenot.fr/constance/wp-content/uploads/2021/10/IMG_3643-1-171x300.jpg 171w" sizes="(max-width: 192px) 100vw, 192px" /></figure>



<figure class="wp-block-image size-full is-resized"><img loading="lazy" src="https://petitcuenot.fr/constance/wp-content/uploads/2021/10/IMG_3166-1.jpg" alt="" class="wp-image-281" width="196" height="261" srcset="https://petitcuenot.fr/constance/wp-content/uploads/2021/10/IMG_3166-1.jpg 508w, https://petitcuenot.fr/constance/wp-content/uploads/2021/10/IMG_3166-1-225x300.jpg 225w" sizes="(max-width: 196px) 100vw, 196px" /></figure>



<p></p>

<p>(photo de moi en tenue) Mon parcours Aide-soignante de profession avec 2 ans d&#8217;expérience cumulée en lieu de vie et en hôpital, le lien relationnel que j&#8217;ai créé avec mes patients m’apporte beaucoup au quotidien affinant mon sens de l&#8217;écoute et du prendre soin. Dans les tumultes de la vie à l&#8217;hôpital, je me suis &hellip; </p>
<p class="link-more"><a href="https://petitcuenot.fr/constance/?page_id=54" class="more-link">Continue reading<span class="screen-reader-text"> &#8220;Qui suis-je ?&#8221;</span></a></p>
