{"id":80,"date":"2021-09-11T14:40:10","date_gmt":"2021-09-11T12:40:10","guid":{"rendered":"http:\/\/petitcuenot.fr\/constance\/?page_id=80"},"modified":"2021-11-03T16:41:57","modified_gmt":"2021-11-03T15:41:57","slug":"massage-anti-cellulite","status":"publish","type":"page","link":"https:\/\/petitcuenot.fr\/constance\/?page_id=80","title":{"rendered":"Massage Anti-cellulite"},"content":{"rendered":"\n<figure class=\"wp-block-image size-large\"><img loading=\"lazy\" width=\"1024\" height=\"680\" src=\"https:\/\/petitcuenot.fr\/constance\/wp-content\/uploads\/2021\/11\/IMG_3791-1024x680.jpg\" alt=\"\" class=\"wp-image-327\" srcset=\"https:\/\/petitcuenot.fr\/constance\/wp-content\/uploads\/2021\/11\/IMG_3791-1024x680.jpg 1024w, https:\/\/petitcuenot.fr\/constance\/wp-content\/uploads\/2021\/11\/IMG_3791-300x199.jpg 300w, https:\/\/petitcuenot.fr\/constance\/wp-content\/uploads\/2021\/11\/IMG_3791-768x510.jpg 768w, https:\/\/petitcuenot.fr\/constance\/wp-content\/uploads\/2021\/11\/IMG_3791-1536x1021.jpg 1536w, https:\/\/petitcuenot.fr\/constance\/wp-content\/uploads\/2021\/11\/IMG_3791-2048x1361.jpg 2048w\" sizes=\"(max-width: 767px) 89vw, (max-width: 1000px) 54vw, (max-width: 1071px) 543px, 580px\" \/><\/figure>\n\n\n\n<p>Le massage anti-cellulite, comme son nom l\u2019indique, est un massage favorisant la lipolyse c\u2019est \u00e0 dire la destruction des cellules graisseuses. Ce massage agit efficacement sur la cellulite adipeuse et la cellulite fibreuse. J\u2019utilise plusieurs manoeuvres dont le c\u00e9l\u00e8bre palper roul\u00e9 accompagn\u00e9es d\u2019huile. Les zones trait\u00e9es sont les cuisses, les hanches et\/ ou les bras. En agissant sur les cellules adipeuses et au-del\u00e0 de la diminution de cellulite, mes manoeuvres vous permettront de redonner de l\u2019\u00e9clat \u00e0 votre peau avec un aspect plus lisse. <\/p>\n\n\n\n<div class=\"wp-block-image\"><figure class=\"aligncenter size-large is-resized\"><img loading=\"lazy\" src=\"https:\/\/petitcuenot.fr\/constance\/wp-content\/uploads\/2021\/11\/IMG_3796-680x1024.jpg\" alt=\"\" class=\"wp-image-328\" width=\"305\" height=\"459\" srcset=\"https:\/\/petitcuenot.fr\/constance\/wp-content\/uploads\/2021\/11\/IMG_3796-680x1024.jpg 680w, https:\/\/petitcuenot.fr\/constance\/wp-content\/uploads\/2021\/11\/IMG_3796-199x300.jpg 199w, https:\/\/petitcuenot.fr\/constance\/wp-content\/uploads\/2021\/11\/IMG_3796-768x1156.jpg 768w, https:\/\/petitcuenot.fr\/constance\/wp-content\/uploads\/2021\/11\/IMG_3796-1021x1536.jpg 1021w, https:\/\/petitcuenot.fr\/constance\/wp-content\/uploads\/2021\/11\/IMG_3796-1361x2048.jpg 1361w, https:\/\/petitcuenot.fr\/constance\/wp-content\/uploads\/2021\/11\/IMG_3796-scaled.jpg 1701w\" sizes=\"(max-width: 305px) 100vw, 305px\" \/><\/figure><\/div>\n\n\n\n<p>Plusieurs s\u00e9ances peuvent \u00eatre n\u00e9cessaire pour un r\u00e9sultat durable dans le temps. Accompagn\u00e9e d\u2019une marche de 30 \u00e0 40 minutes apr\u00e8s le massage, cela am\u00e9liorera \u00e9galement les r\u00e9sultats de la s\u00e9ance.&nbsp;<\/p>\n\n\n\n<p>Massage anti-cellulite (45min &#8211; 1h) :&nbsp;<\/p>\n\n\n\n<p>Bienfait :&nbsp;<\/p>\n\n\n\n<p>Redonner de l\u2019espace, ouvrir et favoriser l\u2019\u00e9lasticit\u00e9 de la peau<\/p>\n\n\n\n<p>Diminution de l\u2019effet \u00ab&nbsp;peau d\u2019orange&nbsp;\u00bb (par la stimulation de production de collag\u00e8ne)&nbsp;<\/p>\n\n\n\n<p>Redonne de l\u2019\u00e9clat \u00e0 la peau et la lisse (par l\u2019afflux sanguin)&nbsp;<\/p>\n\n\n\n<p>Draine l\u2019eau en acc\u00e8s&nbsp;<\/p>\n\n\n\n<p>Aide \u00e0 br\u00fbler les graisses&nbsp;<\/p>\n\n\n\n<p>Ingr\u00e9dients :&nbsp;<\/p>\n\n\n\n<p>huile d\u2019amende douce<\/p>\n","protected":false},"excerpt":{"rendered":"<p>Le massage anti-cellulite, comme son nom l\u2019indique, est un massage favorisant la lipolyse c\u2019est \u00e0 dire la destruction des cellules graisseuses. Ce massage agit efficacement sur la cellulite adipeuse et la cellulite fibreuse. J\u2019utilise plusieurs manoeuvres dont le c\u00e9l\u00e8bre palper roul\u00e9 accompagn\u00e9es d\u2019huile. Les zones trait\u00e9es sont les cuisses, les hanches et\/ ou les bras. &hellip; <\/p>\n<p class=\"link-more\"><a href=\"https:\/\/petitcuenot.fr\/constance\/?page_id=80\" class=\"more-link\">Continue reading<span class=\"screen-reader-text\"> &#8220;Massage Anti-cellulite&#8221;<\/span><\/a><\/p>\n","protected":false},"author":1,"featured_media":0,"parent":0,"menu_order":0,"comment_status":"closed","ping_status":"closed","template":"","meta":[],"_links":{"self":[{"href":"https:\/\/petitcuenot.fr\/constance\/index.php?rest_route=\/wp\/v2\/pages\/80"}],"collection":[{"href":"https:\/\/petitcuenot.fr\/constance\/index.php?rest_route=\/wp\/v2\/pages"}],"about":[{"href":"https:\/\/petitcuenot.fr\/constance\/index.php?rest_route=\/wp\/v2\/types\/page"}],"author":[{"embeddable":true,"href":"https:\/\/petitcuenot.fr\/constance\/index.php?rest_route=\/wp\/v2\/users\/1"}],"replies":[{"embeddable":true,"href":"https:\/\/petitcuenot.fr\/constance\/index.php?rest_route=%2Fwp%2Fv2%2Fcomments&post=80"}],"version-history":[{"count":8,"href":"https:\/\/petitcuenot.fr\/constance\/index.php?rest_route=\/wp\/v2\/pages\/80\/revisions"}],"predecessor-version":[{"id":330,"href":"https:\/\/petitcuenot.fr\/constance\/index.php?rest_route=\/wp\/v2\/pages\/80\/revisions\/330"}],"wp:attachment":[{"href":"https:\/\/petitcuenot.fr\/constance\/index.php?rest_route=%2Fwp%2Fv2%2Fmedia&parent=80"}],"curies":[{"name":"wp","href":"https:\/\/api.w.org\/{rel}","templated":true}]}}